m(f) = -1 + 1 - 7*f. Let y be ((-8)/(-16))/(4/(-48)). List the prime factors of m(y).
2, 3, 7
Suppose -4*m = -51 - 49. Let p be (-3 - -4)/5*m. Let d(f) = f**3 - 3*f**2 + 2*f + 8. What are the prime factors of d(p)?
2, 17
Suppose 5*c + 3205 = r, -7*c = -5*r - 5*c + 15979. What are the prime factors of r?
3, 5, 71
Let a = -23 - -25. Suppose -a*v = -7*v + 765. What are the prime factors of v?
3, 17
Suppose -7*z + 1833 = -2927. List the prime factors of z.
2, 5, 17
Let y be -4*((-175)/10 - 1). Suppose 4*h - 110 - y = 0. List the prime factors of h.
2, 23
Suppose 2*l + 19 = 4*l - 3*m, 0 = 5*l - 2*m - 31. Suppose 5*s + 91 = q + s, 4*s + 455 = l*q. What are the prime factors of q?
7, 13
Let v(z) = -z**3 + 8*z**2 + 9*z + 3. Let s be v(9). List the prime factors of (s/2)/(2/28).
3, 7
Suppose 246 = -4*h - 66. Let j = -37 - h. Let i = 4 + j. List the prime factors of i.
3, 5
Let g(s) = s**3 + 13*s**2 - 28*s + 34. Let k be g(-15). Let q(p) = 15 - 6 - 8*p - 2*p**2 + 4*p**2. What are the prime factors of q(k)?
3
Let p(n) = -2*n + 4. Let o be p(-3). Suppose -7 = -4*b + 9. Suppose -q + b = -o. What are the prime factors of q?
2, 7
Let c = -14 - -20. Let h be (2*3)/(c/56). Suppose -5*w - h = -4*g, -5*g - w + 92 = -7. What are the prime factors of g?
19
Suppose -y = -4*j - 12, -3*y - 2*y - 2*j = 6. Suppose -3*m + 15 + 15 = y. List the prime factors of m.
2, 5
Let m = -377 - -407. List the prime factors of m.
2, 3, 5
Let k(y) = -7*y**2 - 3*y - 2. Let p(a) = -13*a**2 - 7*a - 4. Let v(q) = -7*k(q) + 3*p(q). List the prime factors of v(2).
2, 3, 7
Suppose -75 - 27 = -6*p. Let r = 73 + p. List the prime factors of r.
2, 3, 5
Suppose 2*x = 10*x. Suppose 3*m + q = 175, x = 4*q - 0*q - 16. List the prime factors of m.
3, 19
Let v = -55 + 97. Let l = v - 12. Suppose -l = -z + 4*d, -d + 28 + 41 = 4*z. List the prime factors of z.
2, 3
Let k = 300 - 91. List the prime factors of k.
11, 19
Let q(z) = z**3 + 2*z**2 - 1. Let j be q(-1). Suppose j = -t + 8 + 5. Suppose -5*x = -2 - t. List the prime factors of x.
3
Let r(t) be the second derivative of -t**3/2 + 4*t. Let m be r(-1). Suppose m*z + 0*v + 2*v - 40 = 0, 0 = -v + 2. List the prime factors of z.
2, 3
Suppose -2 = -0*h - 2*h + 2*f, -h - 4*f = 4. Suppose -3*m - 6 = 0, h*s + 4*s = -5*m - 46. List the prime factors of (-474)/(-14) + s/(-63).
2, 17
List the prime factors of 4/(-8)*(-2656 - 42).
19, 71
Let n be 32 - ((2 - -2) + -2). Suppose 4*s = n + 54. What are the prime factors of s?
3, 7
Suppose 12*t - 9*t = -2*d - 805, 4*d + 1615 = -t. Let o = d - -615. What are the prime factors of o?
211
Let z(g) = -67*g - 7. Let x be z(-6). Suppose -11*b + 978 - x = 0. What are the prime factors of b?
53
Let a be (4 - 7)/((-3)/5). Let q = a - -87. List the prime factors of q.
2, 23
Suppose 5*m - 280 = -3*z + 2864, 2514 = 4*m + 2*z. What are the prime factors of m?
3, 11, 19
Let l(m) = m**3 + 8*m**2 + 3*m. Let p be l(-7). Suppose 5*h - h = p. Let y = h - -2. What are the prime factors of y?
3
Let c = -106 - -417. What are the prime factors of c?
311
Let n(p) = -p**2 - 2*p + 2. Let m be n(-2). Suppose -m*k + 48 = k. List the prime factors of k.
2
Suppose 0 = 37*o - 61*o + 21336. List the prime factors of o.
7, 127
Let p = 17 - -3. Let t be (955/p)/(4/16). Suppose 121 = 8*d - t. What are the prime factors of d?
3, 13
Let d(j) = 77*j - 13. Let y be d(-7). Let a = y - -782. List the prime factors of a.
2, 5, 23
Let j be -1 + 4 - (-3 - 1). Let r be (9 - j) + 7/1. Let d(i) = -i**3 + 10*i**2 - 8*i + 21. List the prime factors of d(r).
2, 3, 5
Let w = -270 + 784. What are the prime factors of w?
2, 257
Let b(v) = v**3 + 17*v**2 + 6*v + 15. Let q be b(-16). Let k = 377 - q. What are the prime factors of k?
2, 101
Let b = -57 + 88. Suppose 5*k = 2*l + 30, -2*l - b = -4*k + l. List the prime factors of k.
2
Let h = -160 + 320. Suppose -2*f + h = 3*f. What are the prime factors of f?
2
What are the prime factors of 1/7 + 77880/308?
11, 23
Let d(o) = 31 + o**3 + 14*o**2 + 13*o**2 - 28*o**2 + 2*o. What are the prime factors of d(0)?
31
Let q(j) = -2*j**3 + 0*j**2 - 14*j**2 + 3 - 15*j + 3*j**3. Suppose k - 55 = 22*t - 26*t, -3*t = -3*k - 60. What are the prime factors of q(t)?
3
Let i = 4 - 1. Let g = -3 + i. Suppose g = -3*m + 31 + 50. What are the prime factors of m?
3
Suppose -5 = z - 7. Suppose g - 6 = -2. Suppose -g*b = -z*b - 32. What are the prime factors of b?
2
Suppose -5*s = j - 756, 0 = -3*s + 5*s + 2*j - 304. What are the prime factors of s?
151
Suppose 2*y + 113 = 3*y + 4*s, -471 = -4*y + 3*s. Suppose -d + y + 23 = 0. List the prime factors of d.
2, 5, 7
Suppose -3*c + 2*c = -20. Let g(z) = z**2 + 11*z + 5. Let k be g(-11). Suppose 2*t - c = k*j + 25, 0 = t - 5*j - 20. List the prime factors of t.
5
Let b(u) = -14*u + 14. Suppose x = -12 + 1. List the prime factors of b(x).
2, 3, 7
Let m = -309 + 285. Suppose p = -11 + 3. List the prime factors of (p/10)/(m/540).
2, 3
Suppose -172 = -d - 0*d - 5*s, -5*d + 840 = 5*s. List the prime factors of d.
167
Suppose -4 = 12*u - 11*u. Let g(l) = -l**3 - 5*l**2 - 6*l - 5. Let b be g(u). Suppose s + 32 = b*s. What are the prime factors of s?
2
Let f = 1 + -6. List the prime factors of (-5)/((f + 3)/22).
5, 11
Suppose 4807 = -240*t + 263*t. What are the prime factors of t?
11, 19
Suppose -3*b + 7*b - 16 = 0. Suppose -4*o - 5*g + 177 = 0, -b*o = -3*o - 5*g - 63. Suppose -o = -4*z + z. What are the prime factors of z?
2
Let n be 2/(18/(-15))*-12. Let i = n + -20. Suppose i = 7*u - 9*u + 4. List the prime factors of u.
2
Suppose 9*v - 6440 = 9490. List the prime factors of v.
2, 3, 5, 59
Let s(w) = -w + 3. Let b be s(7). Let c = 4 + b. Suppose c*x - 5*x = -180. What are the prime factors of x?
2, 3
Let z(u) = u - 1. Let x be z(4). Suppose -n + 7 = y + x*y, -2*n - 3*y = -9. Suppose n*r = -0*r + 15. List the prime factors of r.
5
Let a = 720 - 205. List the prime factors of a.
5, 103
Let n(q) = q**3 - 7*q**2 + q + 3. Let k = 15 - 8. List the prime factors of n(k).
2, 5
Let b = -515 + 1051. List the prime factors of b.
2, 67
Let i = -41 + 18. Let k(x) = 2*x**2 + 45*x + 10. List the prime factors of k(i).
3, 11
Let b be 570/3 - 2/5*10. Let l = b + -69. What are the prime factors of l?
3, 13
Suppose -3*v = -4*s + 2*v + 105, 2*s - v = 45. Suppose 2*x - 26 = s. What are the prime factors of x?
23
Suppose -w + 2*i = -3*i + 17, 5*w + 2*i = 50. Suppose 5*d + w = 28. Suppose -d*m = -m - 63. List the prime factors of m.
3, 7
Suppose 3*y - 27 = -3*c, -2*y + 3*c + 21 = 3*y. Suppose y*v - 126 = 3*v. Suppose 3*a + v = 4*a. List the prime factors of a.
2, 3, 7
Let g(s) = -s**3 - 3*s - 1630. Let i be g(0). What are the prime factors of (2/10)/((-2)/i)?
163
Suppose 7363 = 4*s - g + 1710, 0 = -3*g + 9. List the prime factors of s.
2, 7, 101
Let u(g) = -g**2 + 6*g - 4. Let r(k) = -k**2 + 9*k - 2. Let i be r(8). Let h be u(i). List the prime factors of (3 + h - -3) + 43.
3, 5
Suppose 5*v - 6 = 34. Suppose 5*t + 5*y = 35, t = 2*t - 2*y + v. Suppose k = 5*g + 34 - 8, -13 = -t*k - 3*g. List the prime factors of k.
11
Let q = 15 - 15. Suppose q = 5*w + 3*v - 43 - 2, -w = -2*v - 22. List the prime factors of w.
2, 3
Suppose -9 = -3*j + 2*j. Suppose j*u = 10*u - 143. List the prime factors of u.
11, 13
Let f(p) = 56*p**2 - 6. Let c(a) be the second derivative of a**2/2 - 11*a. Let g(x) = 6*c(x) + f(x). What are the prime factors of g(1)?
2, 7
Suppose 8*u = 22*u - 4256. What are the prime factors of u?
2, 19
Let m be (-9)/(-3) - 0 - 1176/7. Let f = m - -252. List the prime factors of f.
3, 29
Suppose 4 = -w + 3*t - 11, 4*w = 4*t - 28. Let h(q) = -5*q + 3. Let n be h(w). Let g = 29 - n. What are the prime factors of g?
11
Suppose 1 = 2*i - 1. What are the prime factors of (i - -1)/((-2)/(-39))?
3, 13
Let n(o) = -3*o - 1. Let y be n(2). Suppose 5*t - 9 = -2*w, -t = 4*w - 5*t - 32. Let u = w - y. List the prime factors of u.
2, 7
Let n = 965 + -28. What are the prime factors of n?
937
Let o be ((-6)/(-18))/((-2)/(-438)). Suppose 2*d - 137 = o. List the prime factors of d.
3, 5, 7
Suppose -f + 483 = 3*k, 8*k = 3*k + f + 813. List the prime factors of k.
2, 3
Let q(d) = -21*d - 15. Let w be q(-1). Suppose 0 = -w*c - 412 + 1822. List the prime factors of c.
5, 47
Suppose -3*l + 25 = 4*v, -v - 2*l + 4 = -1. Suppose -4*c + 6 = 2*r, 